 t be j(2). Suppose -t*h + h + 476 = 0. What are the prime factors of h?
7, 17
Let a = 1273 + -841. List the prime factors of a.
2, 3
Let d = 43 + -37. List the prime factors of (-14 - -4)*d/(-10).
2, 3
Let h = 47 + -71. Let w be -90*(h/(-10))/(-6). Suppose 8*b + w = 9*b. What are the prime factors of b?
2, 3
Let b(a) = -9*a + 187. List the prime factors of b(-41).
2, 139
Suppose 3*s = -h + 2*h - 14, -3*s = -4*h + 29. Let t(g) = 1 + 5 - 151*g + 149*g. List the prime factors of t(s).
2, 3
Let v(g) = -2*g**2 - 18*g + 3. Let s(f) = 3*f**2 + 27*f - 5. Let w(c) = -5*s(c) - 7*v(c). Let r be w(-9). What are the prime factors of 2 - -1*(33 - r)?
31
Let l be -2 - (-8 - 1 - 1). Suppose -2*w - 2*o + 24 = l, 36 = 4*w + 5*o. Suppose w*t + 1 = 53. What are the prime factors of t?
13
Let h(u) = -17*u - 3*u + 27*u - 24 + 21*u. What are the prime factors of h(8)?
2, 5
Let d = -2169 + 4060. What are the prime factors of d?
31, 61
What are the prime factors of 27027/156 - (-2)/(-8)?
173
Suppose 0 = 2*b + 2*b, b = -3*m + 12. Let k be (25 - m)*(-3)/(-9). List the prime factors of 172/28 + (-1)/k.
2, 3
Let v = 35 - 32. Suppose l + v*a - 94 = 0, -5*l - 4*a + 462 = -30. What are the prime factors of l?
2, 5
Suppose 2*c + 139 = -23. Suppose -2*b - 2*b = -20, 0 = 4*u + 5*b - 477. Let w = c + u. What are the prime factors of w?
2
Let q = -19 - -31. List the prime factors of (1*63)/(q/16).
2, 3, 7
Let l(o) = -o**2 - 5*o + 7. Let j be l(-5). Let d(i) = 5*i. List the prime factors of d(j).
5, 7
Let l = -21 - -27. What are the prime factors of ((-4)/l)/(3/(-9))?
2
Suppose -2*x = 5*w - 2750, 0*x - x + 1375 = 4*w. List the prime factors of x.
5, 11
Suppose -2*y - 1 = 11. Let p = -3 - y. Let f = p + 21. List the prime factors of f.
2, 3
Suppose 315*j - 323*j + 6288 = 0. List the prime factors of j.
2, 3, 131
Let p(x) = 2*x**3 + 9*x**2 - 47*x - 31. List the prime factors of p(12).
4157
Suppose 4*g + 2*o = -2, 4*g + g - 2 = 2*o. Suppose -2*s + 96 = 4*k, s - 3*k = -g*k + 53. What are the prime factors of s?
2, 5
Let c(l) = 28*l. Let r be c(1). Let t = 65 - r. List the prime factors of t.
37
Suppose 3*w = v + 3, -5*w = v + v - 16. Suppose 44 = 2*o + 2*d, -v*o = -4*d - 144 + 57. List the prime factors of o.
5
Let f = -27 - -30. What are the prime factors of ((-5180)/12)/(-7) + f/9?
2, 31
Let p = -10 + 12. Suppose -5*r + 25 + 6 = p*y, 2*y = 4*r - 14. List the prime factors of y - ((2 - 4) + -6).
11
Let p(x) be the second derivative of 13*x**3/6 + 4*x**2 - 4*x. Let y be p(-6). List the prime factors of (-5 - -2)*y/6.
5, 7
Suppose -3*k + 8 = -5*k. Let n be 1 + (-237)/(12/k). Suppose -z - 18 = -4*x + n, -3*x = 5*z - 62. What are the prime factors of x?
2, 3
What are the prime factors of ((-6)/(-5))/(117/24765)?
2, 127
Suppose -8*w = -16974 + 30. What are the prime factors of w?
2, 3, 353
Let j(h) = 2*h**3 + 2*h**2 - h + 425. What are the prime factors of j(0)?
5, 17
Suppose 12 = h - c, 2*h - 14 - 7 = -c. Let f = h + -6. Suppose -f*l - 11 = -4*k - 44, 5*k = -10. What are the prime factors of l?
5
Suppose 0 = 3*r - 3*c + 114, -2*r - 2*c = r + 94. Let t = 39 + r. What are the prime factors of t?
5
Suppose -3*j = n - 14, -3*n - 5*j + 2*j = -24. Let c(p) = -p**3 + 6*p**2 - 2*p. What are the prime factors of c(n)?
3, 5
Let d(n) = 5*n**2 - 11*n - 6. Let f be (-8 + 4)/(-3 - -4). What are the prime factors of d(f)?
2, 59
Let x = 16 + -24. Let q be (x/8)/(3/(-45)). What are the prime factors of 555/q + 1 + -3?
5, 7
What are the prime factors of ((-157128)/28)/(-2) - (-1)/7?
2, 23, 61
Let r = -2914 - -5001. What are the prime factors of r?
2087
Suppose 69 + 21 = -v. Let z = v - -36. Let a = 77 + z. List the prime factors of a.
23
Let z = 33 + -19. Let d be 100/28 + 6/z. Suppose 3*v + 40 = 2*a - 0*v, -5*v = -d*a + 76. What are the prime factors of a?
2, 7
Let f(i) = -43*i + 10. Let j be 240/72*((-6)/5 + 0). List the prime factors of f(j).
2, 7, 13
Suppose 4*o = 4*l + 520, -3*o - 3*l = 2*o - 682. List the prime factors of o.
2, 67
Suppose 0 = -4*n - 2*v - v + 3303, n - 797 = 5*v. List the prime factors of n.
2, 3, 137
Let x(u) = u**3 - 4*u**2 + u + 8. Let k be x(4). Let t be 0 - (0 + (-2 - 0)). Suppose t*n = 4*l + n - 33, 0 = l - 4*n - k. List the prime factors of l.
2
Suppose 3*o - p = -4*p + 2991, -4*o + 3983 = -p. List the prime factors of o.
2, 3, 83
Suppose i + 4*l = 179, -2*i - 5*l = -64 - 291. What are the prime factors of i?
5, 7
Suppose -4*o - 103 = b - 421, -5*o = 10. What are the prime factors of b?
2, 163
Suppose 2*j - 1 = -c + 3, 0 = -5*j - 3*c + 9. Let i = 7 - j. Suppose i*t - 96 = -0*t + 4*w, -4*t - 5*w + 96 = 0. What are the prime factors of t?
2, 3
Suppose -y - 176 = -21. Let v = y - -97. Let z = -35 - v. List the prime factors of z.
23
Let p be 5 + -8 + 2 + 1. List the prime factors of (-2249)/26*(-2 + p).
173
Let b(x) = 13*x + 2. Let w be b(1). Suppose 20 = 7*m - w. Suppose -a - 2*p + 9 = -3*p, -m*p + 4 = 2*a. List the prime factors of a.
7
Let i = -12 + 12. Suppose i = 4*v - 3*v + 23. Let f = v - -32. List the prime factors of f.
3
What are the prime factors of (135/(-18))/(1*3/(-32))?
2, 5
Let x = -626 + 855. What are the prime factors of x?
229
Let t(d) = d**2 + 6*d + 0*d - 3 - 5*d + d**3 + 90. List the prime factors of t(0).
3, 29
Suppose p = 2*g - 8, -4*p - 4*g = -0*p - 4. Let f(x) = -101*x + 13. List the prime factors of f(p).
5, 43
Let n = 13 - 2. Let j = -18 + 12. Let d = n + j. List the prime factors of d.
5
Let m = -15 + 21. Let s be m - 3 - (5 - 5). Suppose 59 = s*x + 5. What are the prime factors of x?
2, 3
What are the prime factors of ((-100)/(-15))/(-7 + (-8949)/(-1278))?
2, 5, 71
Let x(g) = 3*g**2 - 8*g + 5. Let q(v) = v**2 + v - 1. Let n(l) = 2*q(l) - x(l). What are the prime factors of n(9)?
2
Suppose 0 = -10*f + 13186 - 5336. List the prime factors of f.
5, 157
Let q(r) = 11*r + 7. Suppose 8*z - 9*z + 5 = 0. Let b be q(z). Suppose -6 = -v - 3*l + 24, v - 5*l = b. What are the prime factors of v?
2, 3, 7
Let a = -80 + 129. What are the prime factors of 2*(0 - 1) + a?
47
Let b = -4 - -1. What are the prime factors of 3*-2 - b - -16?
13
Let f(h) = h**2 + 3*h - 3. Let u be (1 - 2)*2 + 4. Let q be f(u). Suppose -q*v = -5*v - 34. List the prime factors of v.
17
Let k(z) = 5*z**2 - 6. Let q(v) = v**2 - v + 1. Let h be (4/3)/(14/(-42)). Let a(l) = h*q(l) + k(l). What are the prime factors of a(-9)?
5, 7
Let a = 208 - 194. What are the prime factors of a?
2, 7
Let l(w) = w**3 + 8*w**2 + 6*w - 5. Let p be l(-7). Let y = 6 - p. Suppose -5*c = y*k - 46, -4*c - 5*k = -17 - 18. What are the prime factors of c?
2, 5
Let y = 35 + -26. Suppose -122 = -y*b + 472. List the prime factors of b.
2, 3, 11
Let u = -18 - -16. Let j be u/11 + 57/11. Suppose -1 = -3*p + j. What are the prime factors of p?
2
Suppose 4*m + 8 + 8 = 0. What are the prime factors of 201/12 - 1/m?
17
Let q(k) = -2*k**3 - 3*k**2 - 8*k + 16. List the prime factors of q(-6).
2, 97
Let s = -96 - -267. What are the prime factors of s?
3, 19
Let k(g) = 3*g + 1. Let f(l) = -l + 1. Let v(h) = -5*f(h) - k(h). Let a be v(5). Suppose -a*j + 5 = 2*d + 1, 2 = 2*d + 5*j. List the prime factors of d.
2, 3
Suppose 0 = -g + 2, -s - 6*g + 4*g + 248 = 0. List the prime factors of s.
2, 61
Let z be 3/9 - 268/(-6). Suppose -14 = -y + 2*g, -2 = -3*y + 5*g + z. What are the prime factors of y?
2, 3
Let f(z) = 14*z**2 + 84*z - 19. What are the prime factors of f(-15)?
1871
Let r(v) = 3*v**3 + v**2 + 6*v - 9. Let p be -4 - (-14 + 6) - (-1 - -3). What are the prime factors of r(p)?
31
Suppose 28042 = 16*f - 2*f. List the prime factors of f.
2003
Let s(v) = v**2 - v - 7. Let w be s(-3). Suppose -13*a = -w*a - 1296. List the prime factors of a.
2, 3
Let g = -919 - -1579. What are the prime factors of g?
2, 3, 5, 11
Let v = 11 - 10. Let f = 10 - v. What are the prime factors of f?
3
Suppose 2*x + 4*l = 664, -2*x + 676 = -6*l + 4*l. Suppose 5*m - 214 = x. What are the prime factors of m?
2, 5, 11
Suppose 4*m + 12 + 0 = 0, 5*h - 4*m - 27 = 0. What are the prime factors of -84*2/(-6)*h?
2, 3, 7
Let r(i) = 6*i**2 + i. Let b be r(-1). Let f be -2 - b/(-2)*2. Suppose 33 = f*m - 9. What are the prime factors of m?
2, 7
Let s(v) = -v**3 - 6*v**2 - 6*v - 1. Let n be s(-5). Suppose -2*d = -n*k - 110, d + 2*d = 2*k + 161. Let o = 80 - d. What a